4.
9
Calculate the remainder when 989 is divided by 15.
14
Calculate the remainder when 29756 is divided by 320.
316
What is the remainder when 75 is divided by 9?
3
Calculate the remainder when 175 is divided by 82.
11
Calculate the remainder when 222 is divided by 56.
54
What is the remainder when 680 is divided by 11?
9
What is the remainder when 96 is divided by 42?
12
What is the remainder when 1381 is divided by 274?
11
What is the remainder when 81 is divided by 42?
39
What is the remainder when 712 is divided by 98?
26
Calculate the remainder when 217 is divided by 23.
10
What is the remainder when 8009 is divided by 229?
223
Calculate the remainder when 1218 is divided by 122.
120
What is the remainder when 22110 is divided by 39?
36
What is the remainder when 983 is divided by 34?
31
What is the remainder when 335 is divided by 32?
15
Calculate the remainder when 1593 is divided by 57.
54
Calculate the remainder when 260 is divided by 61.
16
Calculate the remainder when 42 is divided by 38.
4
Calculate the remainder when 1535 is divided by 53.
51
What is the remainder when 231 is divided by 36?
15
What is the remainder when 323 is divided by 65?
63
Calculate the remainder when 401 is divided by 74.
31
What is the remainder when 587 is divided by 352?
235
Calculate the remainder when 360 is divided by 93.
81
Calculate the remainder when 65 is divided by 33.
32
What is the remainder when 37 is divided by 26?
11
What is the remainder when 110 is divided by 16?
14
Calculate the remainder when 91 is divided by 19.
15
Calculate the remainder when 110 is divided by 13.
6
Calculate the remainder when 61 is divided by 21.
19
Calculate the remainder when 1329 is divided by 36.
33
What is the remainder when 2196 is divided by 3?
0
Calculate the remainder when 664 is divided by 74.
72
What is the remainder when 780 is divided by 17?
15
Calculate the remainder when 103 is divided by 18.
13
Calculate the remainder when 1434 is divided by 283.
19
What is the remainder when 57 is divided by 15?
12
What is the remainder when 61 is divided by 31?
30
What is the remainder when 15 is divided by 4?
3
What is the remainder when 648 is divided by 17?
2
Calculate the remainder when 1217 is divided by 25.
17
What is the remainder when 426 is divided by 43?
39
What is the remainder when 1148 is divided by 45?
23
Calculate the remainder when 321 is divided by 23.
22
Calculate the remainder when 607 is divided by 181.
64
What is the remainder when 400 is divided by 195?
10
Calculate the remainder when 308 is divided by 20.
8
Calculate the remainder when 942 is divided by 233.
10
Calculate the remainder when 89 is divided by 17.
4
What is the remainder when 104 is divided by 28?
20
What is the remainder when 58 is divided by 7?
2
What is the remainder when 2830 is divided by 59?
57
What is the remainder when 62 is divided by 7?
6
Calculate the remainder when 848 is divided by 160.
48
Calculate the remainder when 286 is divided by 51.
31
What is the remainder when 381 is divided by 32?
29
What is the remainder when 195 is divided by 35?
20
What is the remainder when 32151 is divided by 46?
43
Calculate the remainder when 167 is divided by 38.
15
Calculate the remainder when 1102 is divided by 185.
177
What is the remainder when 162 is divided by 115?
47
Calculate the remainder when 495 is divided by 50.
45
Calculate the remainder when 19 is divided by 4.
3
What is the remainder when 274 is divided by 79?
37
Calculate the remainder when 882 is divided by 111.
105
What is the remainder when 612 is divided by 55?
7
What is the remainder when 420 is divided by 31?
17
Calculate the remainder when 169 is divided by 77.
15
What is the remainder when 138 is divided by 62?
14
Calculate the remainder when 811 is divided by 205.
196
What is the remainder when 307 is divided by 8?
3
What is the remainder when 829 is divided by 16?
13
What is the remainder when 1173 is divided by 42?
39
Calculate the remainder when 99 is divided by 13.
8
What is the remainder when 76 is divided by 21?
13
What is the remainder when 48 is divided by 17?
14
Calculate the remainder when 99 is divided by 26.
21
What is the remainder when 2837 is divided by 268?
157
What is the remainder when 673 is divided by 223?
4
What is the remainder when 5064 is divided by 19?
10
What is the remainder when 164 is divided by 40?
4
What is the remainder when 1734 is divided by 23?
9
What is the remainder when 384 is divided by 96?
0
What is the remainder when 89 is divided by 85?
4
What is the remainder when 6019 is divided by 23?
16
Calculate the remainder when 25584 is divided by 215.
214
What is the remainder when 946 is divided by 310?
16
Calculate the remainder when 541 is divided by 68.
65
What is the remainder when 2458 is divided by 5?
3
Calculate the remainder when 363 is divided by 79.
47
What is the remainder when 477 is divided by 153?
18
Calculate the remainder when 28 is divided by 5.
3
What is the remainder when 214 is divided by 24?
22
What is the remainder when 59 is divided by 7?
3
What is the remainder when 152 is divided by 17?
16
What is the remainder when 1589 is divided by 34?
25
What is the remainder when 189 is divided by 14?
7
Calculate the remainder when 96 is divided by 35.
26
Calculate the remainder when 2021 is divided by 112.
5
What is the remainder when 683 is divided by 340?
3
What is the remainder when 79 is divided by 9?
7
Calculate the remainder when 1281 is divided by 86.
77
Calculate the remainder when 265 is divided by 57.
37
Calculate the remainder when 100 is divided by 48.
4
What is the remainder when 1671 is divided by 152?
151
Calculate the remainder when 167 is divided by 22.
13
Calculate the remainder when 963 is divided by 42.
39
What is the remainder when 183 is divided by 6?
3
Calculate the remainder when 151 is divided by 7.
4
What is the remainder when 63 is divided by 18?
9
What is the remainder when 227 is divided by 60?
47
Calculate the remainder when 2462 is divided by 112.
110
Calculate the remainder when 722 is divided by 25.
22
Calculate the remainder when 1519 is divided by 216.
7
Calculate the remainder when 1217 is divided by 396.
29
Calculate the remainder when 4624 is divided by 257.
255
Calculate the remainder when 210 is divided by 79.
52
What is the remainder when 557 is divided by 256?
45
Calculate the remainder when 32 is divided by 1.
0
Calculate the remainder when 387 is divided by 33.
24
What is the remainder when 1508 is divided by 493?
29
Calculate the remainder when 296 is divided by 102.
92
What is the remainder when 56834 is divided by 52?
50
What is the remainder when 74 is divided by 45?
29
What is the remainder when 1240 is divided by 312?
304
What is the remainder when 917 is divided by 295?
32
Calculate the remainder when 141 is divided by 31.
17
What is the remainder when 68 is divided by 19?
11
What is the remainder when 233 is divided by 119?
114
Calculate the remainder when 614 is divided by 29.
5
Calculate the remainder when 106 is divided by 48.
10
What is the remainder when 145 is divided by 25?
20
What is the remainder when 172 is divided by 76?
20
Calculate the remainder when 1668 is divided by 5.
3
Calculate the remainder when 276 is divided by 87.
15
What is the remainder when 502 is divided by 18?
16
Calculate the remainder when 8155 is divided by 102.
97
Calculate the remainder when 1248 is divided by 225.
123
What is the remainder when 809 is divided by 39?
29
What is the remainder when 2966 is divided by 69?
68
What is the remainder when 3587 is divided by 6?
5
What is the remainder when 445 is divided by 14?
11
Calculate the remainder when 416 is divided by 8.
0
Calculate the remainder when 136 is divided by 2.
0
What is the remainder when 17652 is divided by 127?
126
Calculate the remainder when 353 is divided by 82.
25
Calculate the remainder when 914 is divided by 151.
8
What is the remainder when 476 is divided by 143?
47
Calculate the remainder when 212 is divided by 52.
4
Calculate the remainder when 1242 is divided by 24.
18
Calculate the remainder when 169 is divided by 19.
17
What is the remainder when 226 is divided by 36?
10
Calculate the remainder when 1290 is divided by 28.
2
Calculate the remainde